))*a/3 composite?
False
Let u(j) = -610*j**2 + 9*j - 38. Let r be u(-6). Let x = -14949 - r. Is x composite?
False
Suppose k - 20910701 = -25*k - 3577255. Is k a prime number?
True
Let c = -45 + 48. Suppose 4*h + r - 241 = 0, -232 = -c*h + 5*r - 57. Let t = -27 + h. Is t a prime number?
False
Suppose 166*t - 138*t = 14298956. Is t composite?
False
Let w(o) = 1805*o**2 + 31*o - 17. Is w(-6) composite?
True
Let t(k) = -59*k + 63. Let y be t(1). Suppose 0 = -y*q + 4, -16*o - 3*q = -14*o - 1255. Is o a prime number?
False
Let d = -266 - -268. Suppose d*n + 4*g - 896 = 6710, 3*n = -g + 11384. Is n a prime number?
True
Let o(b) = 15*b - 115. Let w be o(8). Suppose 3*n = w*g + 11521, 0 = 3*g - 4*g - 2. Is n composite?
True
Suppose -4*f + 2*u - 4 = 0, -5*f = 3*u - 10 + 26. Is ((-3)/f)/((-51)/(-30838)) prime?
True
Let v(b) = -b**3 + 24*b**2 + 4*b + 19. Let d be v(11). Let r be -3 + 27/(12/4). Suppose 10*n = r*n + d. Is n prime?
True
Is 1/((-8221032)/632388 - -13) prime?
False
Suppose -9519 = -2*b + 3*r, -3*r = 5*b - 4*r - 23778. Suppose -16*h + 11*h = -b. Is h a prime number?
False
Let a = -10587 - -12272. Is a a composite number?
True
Suppose 11*z - 138058 = 197728. Suppose 4907 = -2*l - 5*k + z, 0 = -4*l + 3*k + 51173. Is l composite?
True
Let r = -80 - -86. Is (-22926)/(-15)*(-3)/(r/(-5)) prime?
True
Let y = 60572 - 36455. Is y a prime number?
False
Let n = -17454 - -41333. Is n a prime number?
True
Let t be ((-45)/15)/((-1)/2986). Suppose 0 = 5*i - 1223 + t. Let r = -1068 - i. Is r a composite number?
False
Let h(k) = -5*k - 74. Let j be h(-18). Suppose j*g = 13*g + 25491. Is g a composite number?
True
Let t be (18 - -24)/((-2)/(-738)). Let w be (0 + t/15)*25/5. Let f = 8525 - w. Is f a prime number?
True
Let w be (-2)/6 - 20/3. Let f(m) = 2015*m - 1833. Let l(v) = -106*v + 95. Let r(n) = 2*f(n) + 39*l(n). Is r(w) prime?
False
Suppose -m = -5*r - 3019, 3*r - 5052 = -3*m + 4041. Suppose m + 9588 = 5*c - 3*t, -t + 10080 = 4*c. Is c composite?
False
Let w be (-14281)/6 - 2 - (-6)/36. Let r = w - -3337. Is r prime?
False
Suppose -38*c = -36*c - 4. Let t(b) = 7 + 2*b**2 + c*b**2 + 10*b - 2. Is t(-21) a composite number?
False
Suppose 0 = 14*o - 25*o + 22. Suppose -1351 = -3*p + b - 5*b, 0 = o*p + 2*b - 898. Is p a prime number?
False
Suppose -281*q - 280*q + 24499737 = -138*q. Is q composite?
True
Suppose -2*g - 5*m - 6 = 0, -2*m - m - 10 = -2*g. Suppose a + 6 = 2*v - a, -2*a + g = 0. Suppose 0*k = -5*k + 2*y + 17571, -4*k - v*y + 14040 = 0. Is k prime?
False
Suppose 55*z = -53*z + 62*z + 50564810. Is z a composite number?
True
Suppose -5*c - 5*t + 25 = 0, c = 5*c + 5*t - 21. Suppose c*g + 1 = 49. Suppose 4*z = g, 4*f - 5*z - 1744 + 435 = 0. Is f a composite number?
False
Let j(k) = -23*k + 20027. Let i be (-9 - -9)/(-1 + 2). Is j(i) composite?
True
Let k = -105834 - -221192. Is k a composite number?
True
Let b = 2979515 + -1317754. Is b prime?
False
Suppose 3263 = -m + 5*t, t + t + 9874 = -3*m. Let k = 6221 + m. Is k prime?
False
Let f be (176/(-20))/(4/(-110)). Let u = f - 16. Let c = 708 - u. Is c composite?
True
Let t(s) = -22*s - 11*s**2 + 31*s**2 - 7 + 16*s**2 - s**3. Is t(14) composite?
True
Let r = 15615 - 7898. Is r a prime number?
True
Let j be 14 - 3/6*-4. Suppose -r = -9*r + j. Suppose 0 = -5*u - r*x + 420, u + 0*u - 67 = 3*x. Is u prime?
False
Suppose -2*s + s + 1156 = -5*u, -3*s + 3468 = 5*u. Suppose w - q = s, -3*w + 2332 = -w + 3*q. Suppose w + 6608 = 8*p. Is p composite?
False
Let h(a) = 2*a**2 - 26*a + 18. Let o be h(13). Let j = o - 18. Suppose 4*i + i - 5*g - 7035 = j, 5*g = -10. Is i composite?
True
Let y(m) = -2*m**3 + 4*m**2 - 27*m + 3. Let l be y(-17). Suppose 2*f - 6*f - r = -l, 2861 = f + 3*r. Is f composite?
False
Suppose -73*p - 17*p + 248570 + 10717300 = 0. Is p a prime number?
True
Let f(w) = 44*w**2 - 12*w + 5. Let v be (-6)/(-27) + 56/(-9). Let p be 44/v + 2/6. Is f(p) composite?
True
Suppose -u - 19*b + 23*b + 69287 = 0, 0 = 19*u - 2*b - 1316379. Is u prime?
False
Let v(t) = -24026*t**3 + 11*t**2 + 16*t - 2. Is v(-3) composite?
True
Let w = 27448 + 18106. Is w a composite number?
True
Suppose -6464 = -5*l + 4*n, -l + 6*l = -n + 6484. Let z = l + 947. Is z composite?
False
Let h = 1437 + -767. Suppose -a - h = 3*o, o + 2 = 3. Let n = 688 - a. Is n a composite number?
False
Let s be (7 - 2) + 18/(-9). Let k be 12/(-20) - (43926/15 + s). Is (3/3)/((-4)/k) a prime number?
True
Is 1687356/3 + (-14)/(-10)*5 composite?
False
Let i be (3 - 40/15)*-3. Let l be 2 + 2 + i - (-2 + 3). Is (-136686)/(-38) - (4/l - 0) a prime number?
False
Let w(k) = 2 - 91*k**2 + 12*k + 92*k**2 + 7. Let g be w(-11). Is (g*(-314)/(-8) - 0)*-10 prime?
False
Let m(c) = -19821*c + 706. Is m(-15) composite?
False
Suppose 1040972 = 30*i - 1862248. Suppose -5*z = t - 96769, 10*z + 4*t + i = 15*z. Is z prime?
False
Suppose 39*k - 1007696 = 369433. Is k a prime number?
True
Suppose 0 = 7*s - 9*s + 1142. Suppose q - 296 = -w, 4*q - 2*q - s = 5*w. Let l = q - -1000. Is l a composite number?
True
Let w(k) = -5*k**3 - 5*k**2 + 2. Let b be w(4). Suppose -27*q + 23*q - 4 = 0, -4*q = -4*d + 11672. Let i = d + b. Is i composite?
True
Let c = 53 + -55. Is -6 - (-4397)/((-2)/c) prime?
True
Let x(b) = -b**3 + 6*b**2 - 3*b + 10. Let t = -31 - -37. Let j be x(t). Let v(c) = -2*c**3 - 13*c**2 - 10*c - 3. Is v(j) composite?
False
Suppose -7*t = -6*t - 6. Let p be 2/(-4)*(t - 2). Is (-1)/p*-2*-55 composite?
True
Let l(g) = -g + 12. Let r be l(3). Suppose z = -8*p + r*p - 1539, -5*p = -4*z - 7699. Is p composite?
False
Let j(n) = -462*n**2 + 4*n + 1. Let l be j(-4). Let q be 173*(1/(-6) + l/(-54)). Suppose 5*i = -3*o + q, 0*o - 5*o + 23705 = 5*i. Is i a prime number?
False
Suppose -9 - 11 = -4*s + 4*g, -12 = -2*s + 3*g. Suppose -3*y + 14 = -2*y + 3*u, -3*u - 18 = -s*y. Suppose -4527 = -y*t - 1399. Is t a prime number?
False
Let f(s) = 16*s + 7. Let w be f(-9). Let d = 137 + w. Is (d + 2)*7130/20 a composite number?
True
Let y = -2168 + 3836. Let g = 3017 - y. Is g a prime number?
False
Let r = -75030 - -145897. Is r prime?
True
Let m = -35 - -43. Suppose -10*w - m = -14*w. Suppose 0 = -w*q + 7*n - 2*n + 3969, -4*n + 1965 = q. Is q a prime number?
False
Let c = 1481 + -215. Let n = c + -77. Let g = n + -700. Is g a composite number?
True
Let p = -3663 - -14909. Is p prime?
False
Let y be (-1 + -3)*(-10)/8 - 1. Let w be 1 + y*2*(-8 + 9). Suppose 0 = w*t - 992 - 1141. Is t prime?
False
Is (121286784/640)/(6/10) composite?
False
Let a(m) = -31*m - 86. Let v be a(4). Is (-140)/v*(-1 - 3430/(-4)) a prime number?
True
Let o(s) = 69084*s - 3385. Is o(3) a composite number?
True
Let y be (-120)/(-18) - 5/3. Suppose c - 4 = 0, 8292 = y*x - 0*c - 2*c. Suppose -x = -4*v + 4*p, -5*v + 2562 = 3*p + 455. Is v prime?
True
Let m = 108 + -103. Suppose 2*c = 2*w + 14, m*c - w - 12 = 11. Suppose c*p - 703 = 477. Is p a prime number?
False
Suppose 0 = -4*f + 2*r + 167848, 4*f + 0*r = -4*r + 167812. Is f a prime number?
True
Let b(q) = 49*q + 247. Let v be b(-5). Suppose -v*z + 18887 = z - 5*j, -2*z = -2*j - 12586. Is z composite?
True
Suppose -j - 5*z + 637 = 3*j, 5*j + 3*z = 780. Suppose 2*w + 2*a - 1031 = 981, -w - 5*a + 1018 = 0. Suppose 10*c + j = w. Is c prime?
False
Suppose -71*y + 3638924 + 10014054 = 30*y. Is y composite?
True
Suppose 16*f + 4*p - 1318169 = 11*f, 0 = -5*p + 30. Is f a prime number?
False
Let k(o) = 11*o**3 - 11*o**2 - 65*o - 17. Is k(10) prime?
False
Suppose 6098576 = 176*h - 6982692 + 1354564. Is h prime?
True
Suppose 24*i = 28704 + 248904. Is i a prime number?
False
Suppose 0 = -t + 2*m - 48, -3*t + 4*m + m = 144. Let k = -43 - t. Let s(v) = 21*v + 16. Is s(k) composite?
True
Let q(w) = -212*w**2 - 11*w - 4. Let f(u) = -71*u**2 - 4*u - 1. Let r(a) = 17*f(a) - 6*q(a). Let x be r(4). Suppose -i + x = -0*i. Is i a composite number?
False
Is ((-3)/(-4))/(6/1172632) a prime number?
False
Let w(h) = -2*h**3 + 5*h**2 - 14*h - 40. Let f(o) = -3*o - 1. Let t(i) = 3*f(i) - w(i). Let p be (-16)/(-80) + (-108)/(-10). Is t(p) a prime number?
False
Let z be 11/(44/(-432)) + -2. Let u = -111 - z. Is (5658/(-12))/(((-2)/(-4))/u) a composite number?
True
Let w(g) = -3*g**3 - 81*g**2 + 247*g - 82. Is w(-45) a composite number?
True
Let u = -656994 + 924332. Is u a composite number?
T